 - a + 29 = -h. Suppose 141 = 2*t + j, -296 = -h*t + 4*j + 89. List the prime factors of t.
73
List the prime factors of (1093980/(-50))/(6/(-25)*30/12).
2, 18233
Suppose -4*z = 2*i + 1662, -5*z - 815 = 5*i + 1260. Let g = z + 1021. List the prime factors of g.
5, 11
Let d(m) = 20*m**2 + 15*m + 20. Let s be d(-5). Let t = -404 + s. What are the prime factors of t?
41
Let o = -175 - -978. Let a = o + -265. List the prime factors of a.
2, 269
Let f be 3*-1*18/27 + 2609. Suppose -333 = -12*d + f. What are the prime factors of d?
5, 7
Let z(o) = 100*o + 18. Let k = 148 - 144. What are the prime factors of z(k)?
2, 11, 19
Suppose -39*r + 86*r - 280590 = 0. What are the prime factors of r?
2, 3, 5, 199
Let i(m) = 2*m + 72. Let s(g) = 3*g + 71. Let r(y) = -4*i(y) + 3*s(y). Let b be r(19). Let z = b - -235. List the prime factors of z.
179
Let y be -11 - -4 - 2*-275. Let p = y + -231. What are the prime factors of p?
2, 3, 13
Suppose -508 = -3*z - 106. Let b = z + -128. List the prime factors of 270/b + (2 - 1).
2, 23
Let l be ((-1 - (-4 + 2))*4)/2. Let z be 0 - 48/12*(1 - l). Suppose 3*g - 2*w - 173 = -w, 0 = -g - z*w + 62. List the prime factors of g.
2, 29
Let k = 51 + 119. Suppose -2552 = k*j - 178*j. What are the prime factors of j?
11, 29
Let v(a) = 14*a**2 + 10*a - 4. Let j be v(-18). Suppose 10*o - 1258 = j. What are the prime factors of o?
3, 11, 17
Suppose 0 = 11*b + 35 + 31. Let o(t) = -3*t - 14. Let r be o(b). Suppose 5*g - 160 = r*k, 3*g - 2*k = 69 + 27. What are the prime factors of g?
2
Let p(x) = -10*x**2 - 8*x + 1. Let c be p(-4). Let n = 307 + c. What are the prime factors of n?
2, 3, 5
Let z = 2957 + -232. List the prime factors of z.
5, 109
Suppose -5*l = 4*h - 5072, -3*l = 3*h - 5*h + 2514. Suppose 0 = 2*u + 3*f - h, 0 = -4*u + f + 361 + 2130. List the prime factors of u.
2, 3, 13
Suppose p - 2*h - 12 = 28, -3*h + 84 = 3*p. Let n = p - 42. What are the prime factors of (-924)/n + (-4)/10?
2, 23
Let m = 91 + -87. Suppose 388 = 2*s + m*y, -s + 4*y = -79 - 145. Suppose i = -3*i + s. What are the prime factors of i?
3, 17
Let z(s) = -s**3 - 22*s**2 + 51*s + 76. Let g be z(-24). Suppose -g*y - q + 4931 = 0, -3*q = -2*y - 8*q + 2443. List the prime factors of y.
2, 617
Let c be 3*((-50)/35 + (-6)/(-14)). Let i(t) = 21*t**2 + 5*t + 1. List the prime factors of i(c).
5, 7
Suppose 3*o - 2*w = 23290, 28*w - 33*w + 38825 = 5*o. What are the prime factors of o?
2, 3, 647
Suppose -358*t + 3139899 = -675307. List the prime factors of t.
10657
Let q = -31 - 255. Let h = -205 - q. What are the prime factors of h?
3
Let p(g) = 18*g**2 + 18*g - 47. Let x(w) = -2*w**3 + 21*w**2 - 19*w + 81. Let s be x(10). List the prime factors of p(s).
1249
Suppose m + 2*n - 52 = -15, -4*m - 5*n + 139 = 0. Suppose -43*k = -m*k - 3204. What are the prime factors of k?
3, 89
Let k be -4 - (-2 + 8 + -12). Suppose 2*b - 5*o - 1068 = -b, 3*b = -k*o + 1068. List the prime factors of b.
2, 89
Let d be (-2 - 12)/(0 - 2). List the prime factors of 359 + 0 - (d - 11).
3, 11
Let f be ((-58)/(-14))/((-52)/(-364)). Suppose 40*g = f*g + 2035. What are the prime factors of g?
5, 37
Let g be (0 + 1 + -2)*-37. Suppose -10947 = -14*h - 531. Suppose -41*m = -g*m - h. What are the prime factors of m?
2, 3, 31
Let w = -25963 - -79294. List the prime factors of w.
3, 29, 613
Let c(u) = -u**2 - 25*u - 12. Let o(i) = -8*i + 5 - 12 + 2*i**2 - 2*i**2 + i**2. Let y be o(6). List the prime factors of c(y).
2, 3, 17
List the prime factors of (1328/32)/(-11*(-3)/6930).
3, 5, 7, 83
Let v be 5 + (-6 + 12)*49. Let i = v - -472. List the prime factors of i.
3, 257
Let f = 32 + -4. Let x(z) = z**3 + 17*z**2 - 9*z + 8. Let v be x(-16). Suppose f = 4*p - v. List the prime factors of p.
109
Let y(k) = 178*k - 2204. List the prime factors of y(41).
2, 3, 283
Let y(u) = -u**2 + 9*u + 76. Let c be y(14). Suppose 0 = t - 5*x, -8 + c = -x. Let r(q) = q**2 - 7*q - 24. What are the prime factors of r(t)?
2, 3
Let p(u) = 2*u + 17. Let y be p(-6). Let i(n) = y + 3 + 9*n - 8 - 4. List the prime factors of i(5).
41
Let x(f) = 185*f**2 + 3*f - 1. Let g be 9/5 + 7/35. Suppose -4*t - 19 = w, -8 = 2*w - g*t + 4*t. What are the prime factors of x(w)?
11, 17
Suppose 104*w - 375090 + 50503 = 532997. List the prime factors of w.
2, 7, 19, 31
Let f(c) = 49*c**2 - 9*c + 26. Let w be f(-6). Suppose 3*a - 4*a = -4*d + 1476, -5*d + a + w = 0. Suppose -d = -182*k + 180*k. What are the prime factors of k?
2, 23
Let k(a) = -a + 4. Let q be k(3). Let s be -13*((-7)/(-1))/q. Let t = 173 + s. What are the prime factors of t?
2, 41
Suppose 2*g + 14042 = 5*j - 17611, 0 = -3*j - g + 18994. List the prime factors of j.
13, 487
Let o = 3 - -3. Let j be 4/o - (-2952)/(-54). Let d = -4 - j. What are the prime factors of d?
2, 5
Let o(q) be the first derivative of q**3 - 3*q**2/2 + 6*q + 13. Let h be o(2). Let d = h + -5. List the prime factors of d.
7
Let l(d) = 2*d**2 - 6. Let s be l(5). Let v(a) = 13*a**2 - 94*a - 41. Let x be v(8). Let z = s + x. What are the prime factors of z?
83
Suppose 117*d - 1361678 = -164183. List the prime factors of d.
5, 23, 89
Let f be ((-20)/(-15))/(-4)*-1821. Let u = f - 433. What are the prime factors of u?
2, 3, 29
Suppose -8*n - 4634 + 15858 = 0. What are the prime factors of n?
23, 61
Let t = -3492 + 5940. What are the prime factors of t?
2, 3, 17
Let h(s) = -6*s**3 + 20*s**2 + 18. Let a(t) = -t**3 + t**2 + 1. Let q(z) = 5*a(z) - h(z). Let g be q(11). Let f = -307 - g. List the prime factors of f.
2, 5, 19
Let b(i) = -5*i**2 - 25*i + 187. Let k(a) = a**2 - 2*a - 1. Let u(l) = -b(l) - 6*k(l). List the prime factors of u(11).
3, 5, 7
Suppose -5*q = 3*j - 82817, 8*j - 3*j = 5*q + 137935. What are the prime factors of j?
2, 3, 7, 73
Suppose 193 = i - 74. Suppose 4*m = -i - 205. Let p = 211 + m. What are the prime factors of p?
3, 31
Let a be 1 + 0 - 1/(-1) - 0. Let j be ((-3)/a)/(15/(-110)). Suppose -2*u + 71 = j. What are the prime factors of u?
2, 3, 5
Let h(o) = 9219*o**2 + 21*o - 21. What are the prime factors of h(1)?
3, 7, 439
Suppose 6*w = 3*w + 3. Let b be 0 - (-1 - (6 - 3)). What are the prime factors of (-64 + (b - w))/(1/(-2))?
2, 61
Let p = 58166 + -18145. List the prime factors of p.
31, 1291
Let d(w) = -25*w + 13. Let v be 8/12*6 + -16 + -2. List the prime factors of d(v).
3, 11
Suppose -2*o + 0*g + 110 = -4*g, -3*g = -5*o + 268. Let j = -91 + o. Let h = 17 - j. What are the prime factors of h?
5, 11
Suppose 104*j - 677180 = -36*j. What are the prime factors of j?
7, 691
Suppose -15*s = -17*s + 1886. Suppose 2*i - 1440 = -5*x, -2*i + 457 = -5*x - s. What are the prime factors of i?
2, 5, 71
Let j be 1 + 0*(-5)/20 - 423. List the prime factors of 6/(-36) + j/(-12) + 1.
2, 3
Let s(a) = -12*a - 84. Let t = -33 + 17. What are the prime factors of s(t)?
2, 3
Let r(w) = 23374*w**3 - 33*w**2 + 31*w + 1. What are the prime factors of r(1)?
3, 7, 53
Let a(s) = s**3 - 12*s**2 - 15*s + 12. Suppose -4*o + 37 = 2*y + 11, 2*y - 26 = 2*o. Let z be a(y). Let b(l) = -2*l + 19. What are the prime factors of b(z)?
47
Let n(j) = -j**3 - 9*j**2 - 7*j + 5. Let q be n(-8). Let p = 447 - 442. What are the prime factors of p + 274 + (q - -4)?
2, 5, 7
Let v = 76 + -61. Suppose 0 = 5*o - 2*o + v, 2*p - o - 515 = 0. What are the prime factors of (8/(-10))/((6/p)/(-1))?
2, 17
Let v(z) = -z**3 + 15*z**2 + 13*z + 24. Let f be v(16). Let n = f - -376. List the prime factors of n.
2, 11
Let i(z) = 99*z - 35. Let y(v) = 49*v - 18. Let w(u) = -3*i(u) + 5*y(u). Let x(s) = s**3 - 21*s**2 + 36*s + 35. Let o be x(19). List the prime factors of w(o).
3, 19
Suppose 57*f - 1380501 + 291516 = 0. What are the prime factors of f?
5, 3821
Let z be 0/3 + 41 + (-4 - -3). Suppose 5*b - 60 = -z. Suppose 3*t + t + f - 972 = 0, -4*t = -b*f - 972. What are the prime factors of t?
3
Suppose 2*d + 3*d + 24 = 3*m, 5*m = -5*d. Suppose 3*i + 4*y = 7*i - 764, -m*i + y + 573 = 0. List the prime factors of i.
191
Let n = -84 + 170. Suppose t + 203 = 82*t - 121. Suppose 0 = t*u - 5*u + n. What are the prime factors of u?
2, 43
Suppose 306*k - 305*k = -2*x + 7043, -4*k = x - 3511. List the prime factors of x.
13, 271
What are the prime factors of 8/(-10) + 1220112/240?
13, 17, 23
Let m = -1 + 5. Let i(c) = c**2 - 3*c + 4. Let o be i(m). Let j(n) = 